{"id":171,"date":"2022-11-07T07:58:42","date_gmt":"2022-11-07T07:58:42","guid":{"rendered":"http:\/\/clinicordisbrasilia.com.br\/?page_id=171"},"modified":"2025-10-02T14:07:45","modified_gmt":"2025-10-02T14:07:45","slug":"corpo-clinico","status":"publish","type":"page","link":"https:\/\/clinicordisbrasilia.com.br\/?page_id=171","title":{"rendered":"Corpo Cl\u00ednico"},"content":{"rendered":"\t\t<div data-elementor-type=\"wp-page\" data-elementor-id=\"171\" class=\"elementor elementor-171\">\n\t\t\t\t\t\t\t\t\t<section class=\"elementor-section elementor-top-section elementor-element elementor-element-44e473f0 elementor-section-boxed elementor-section-height-default elementor-section-height-default\" data-id=\"44e473f0\" data-element_type=\"section\" data-settings=\"{&quot;background_background&quot;:&quot;classic&quot;}\">\n\t\t\t\t\t\t\t<div class=\"elementor-background-overlay\"><\/div>\n\t\t\t\t\t\t\t<div class=\"elementor-container elementor-column-gap-default\">\n\t\t\t\t\t<div class=\"elementor-column elementor-col-100 elementor-top-column elementor-element elementor-element-6de2a5ab\" data-id=\"6de2a5ab\" data-element_type=\"column\" data-settings=\"{&quot;background_background&quot;:&quot;classic&quot;}\">\n\t\t\t<div class=\"elementor-widget-wrap elementor-element-populated\">\n\t\t\t\t\t\t\t\t<div class=\"elementor-element elementor-element-4fec8d3e elementor-widget elementor-widget-heading\" data-id=\"4fec8d3e\" data-element_type=\"widget\" data-widget_type=\"heading.default\">\n\t\t\t\t<div class=\"elementor-widget-container\">\n\t\t\t<h1 class=\"elementor-heading-title elementor-size-default\">Corpo Cl\u00ednico<\/h1>\t\t<\/div>\n\t\t\t\t<\/div>\n\t\t\t\t\t<\/div>\n\t\t<\/div>\n\t\t\t\t\t\t\t<\/div>\n\t\t<\/section>\n\t\t\t\t<section class=\"elementor-section elementor-top-section elementor-element elementor-element-25b78b71 elementor-section-boxed elementor-section-height-default elementor-section-height-default\" data-id=\"25b78b71\" data-element_type=\"section\" data-settings=\"{&quot;background_background&quot;:&quot;classic&quot;}\">\n\t\t\t\t\t\t<div class=\"elementor-container elementor-column-gap-default\">\n\t\t\t\t\t<div class=\"elementor-column elementor-col-100 elementor-top-column elementor-element elementor-element-37b0c41f\" data-id=\"37b0c41f\" data-element_type=\"column\">\n\t\t\t<div class=\"elementor-widget-wrap elementor-element-populated\">\n\t\t\t\t\t\t\t\t<div class=\"elementor-element elementor-element-10b77c58 elementor-icon-list--layout-inline elementor-list-item-link-full_width elementor-widget elementor-widget-icon-list\" data-id=\"10b77c58\" data-element_type=\"widget\" data-widget_type=\"icon-list.default\">\n\t\t\t\t<div class=\"elementor-widget-container\">\n\t\t\t\t\t<ul class=\"elementor-icon-list-items elementor-inline-items\">\n\t\t\t\t\t\t\t<li class=\"elementor-icon-list-item elementor-inline-item\">\n\t\t\t\t\t\t\t\t\t\t<span class=\"elementor-icon-list-text\">Home<\/span>\n\t\t\t\t\t\t\t\t\t<\/li>\n\t\t\t\t\t\t\t\t<li class=\"elementor-icon-list-item elementor-inline-item\">\n\t\t\t\t\t\t\t\t\t\t\t<span class=\"elementor-icon-list-icon\">\n\t\t\t\t\t\t\t<i aria-hidden=\"true\" class=\"fas fa-chevron-right\"><\/i>\t\t\t\t\t\t<\/span>\n\t\t\t\t\t\t\t\t\t\t<span class=\"elementor-icon-list-text\">Corpo Cl\u00ednico<\/span>\n\t\t\t\t\t\t\t\t\t<\/li>\n\t\t\t\t\t\t<\/ul>\n\t\t\t\t<\/div>\n\t\t\t\t<\/div>\n\t\t\t\t\t<\/div>\n\t\t<\/div>\n\t\t\t\t\t\t\t<\/div>\n\t\t<\/section>\n\t\t\t\t<section class=\"elementor-section elementor-top-section elementor-element elementor-element-4c654b9b elementor-section-boxed elementor-section-height-default elementor-section-height-default\" data-id=\"4c654b9b\" data-element_type=\"section\" data-settings=\"{&quot;background_background&quot;:&quot;classic&quot;}\">\n\t\t\t\t\t\t<div class=\"elementor-container elementor-column-gap-default\">\n\t\t\t\t\t<div class=\"elementor-column elementor-col-100 elementor-top-column elementor-element elementor-element-31fd461f\" data-id=\"31fd461f\" data-element_type=\"column\">\n\t\t\t<div class=\"elementor-widget-wrap elementor-element-populated\">\n\t\t\t\t\t\t\t\t<div class=\"elementor-element elementor-element-51c79f45 elementor-widget elementor-widget-heading\" data-id=\"51c79f45\" data-element_type=\"widget\" data-widget_type=\"heading.default\">\n\t\t\t\t<div class=\"elementor-widget-container\">\n\t\t\t<h6 class=\"elementor-heading-title elementor-size-default\">Corpo Cl\u00ednico<\/h6>\t\t<\/div>\n\t\t\t\t<\/div>\n\t\t\t\t<div class=\"elementor-element elementor-element-3ce5d641 elementor-widget elementor-widget-heading\" data-id=\"3ce5d641\" data-element_type=\"widget\" data-widget_type=\"heading.default\">\n\t\t\t\t<div class=\"elementor-widget-container\">\n\t\t\t<h2 class=\"elementor-heading-title elementor-size-default\">Conhe\u00e7a nossa equipe<\/h2>\t\t<\/div>\n\t\t\t\t<\/div>\n\t\t\t\t<section class=\"elementor-section elementor-inner-section elementor-element elementor-element-24653111 elementor-section-boxed elementor-section-height-default elementor-section-height-default\" data-id=\"24653111\" data-element_type=\"section\">\n\t\t\t\t\t\t<div class=\"elementor-container elementor-column-gap-default\">\n\t\t\t\t\t<div class=\"elementor-column elementor-col-50 elementor-inner-column elementor-element elementor-element-32bc9c95\" data-id=\"32bc9c95\" data-element_type=\"column\">\n\t\t\t<div class=\"elementor-widget-wrap elementor-element-populated\">\n\t\t\t\t\t\t\t\t<div class=\"elementor-element elementor-element-8f06c2d elementor-widget elementor-widget-bdt-member\" data-id=\"8f06c2d\" data-element_type=\"widget\" data-widget_type=\"bdt-member.default\">\n\t\t\t\t<div class=\"elementor-widget-container\">\n\t\t\t\r\n        <div class=\"bdt-member skin-default bdt-transition-toggle\">\r\n            \r\n                <div class=\"bdt-member-photo-wrapper\">\r\n\r\n                    \r\n                        <div class=\"bdt-member-photo\">\r\n                            <div class=\" bdt-transition-scale-up\">\r\n\r\n                                <img decoding=\"async\" src=\"https:\/\/clinicordisbrasilia.com.br\n\/wp-content\/plugins\/bdthemes-element-pack-lite\/assets\/images\/member.svg\" alt=\"Dra. MARGARITA CORONEL BAZZANO          \">                                \r\n                            <\/div>\r\n                        <\/div>\r\n\r\n                        \r\n                <\/div>\r\n            \r\n            <div class=\"bdt-member-content\">\r\n                                    <span class=\"bdt-member-name\">Dra. MARGARITA CORONEL BAZZANO          <\/span>\r\n                                                    <span class=\"bdt-member-role\">Cardiologia \/ Ecocardiografia<\/span>\r\n                                                    <div class=\"bdt-member-text bdt-content-wrap\">CRM 12513 DF<\/div>\r\n                            <\/div>\r\n\r\n            \r\n        <\/div>\r\n        \t\t<\/div>\n\t\t\t\t<\/div>\n\t\t\t\t\t<\/div>\n\t\t<\/div>\n\t\t\t\t<div class=\"elementor-column elementor-col-50 elementor-inner-column elementor-element elementor-element-2fc8f7b6\" data-id=\"2fc8f7b6\" data-element_type=\"column\">\n\t\t\t<div class=\"elementor-widget-wrap elementor-element-populated\">\n\t\t\t\t\t\t\t\t<div class=\"elementor-element elementor-element-1e509f9 elementor-widget elementor-widget-bdt-member\" data-id=\"1e509f9\" data-element_type=\"widget\" data-widget_type=\"bdt-member.default\">\n\t\t\t\t<div class=\"elementor-widget-container\">\n\t\t\t\r\n        <div class=\"bdt-member skin-default bdt-transition-toggle\">\r\n            \r\n                <div class=\"bdt-member-photo-wrapper\">\r\n\r\n                    \r\n                        <div class=\"bdt-member-photo\">\r\n                            <div class=\" bdt-transition-scale-up\">\r\n\r\n                                <img decoding=\"async\" src=\"https:\/\/clinicordisbrasilia.com.br\n\/wp-content\/plugins\/bdthemes-element-pack-lite\/assets\/images\/member.svg\" alt=\"Dra. \">                                \r\n                            <\/div>\r\n                        <\/div>\r\n\r\n                        \r\n                <\/div>\r\n            \r\n            <div class=\"bdt-member-content\">\r\n                                    <span class=\"bdt-member-name\">Dra. <\/span>\r\n                                                    <span class=\"bdt-member-role\">Cardiopedriatria<\/span>\r\n                                                    <div class=\"bdt-member-text bdt-content-wrap\">CRM <\/div>\r\n                            <\/div>\r\n\r\n            \r\n        <\/div>\r\n        \t\t<\/div>\n\t\t\t\t<\/div>\n\t\t\t\t\t<\/div>\n\t\t<\/div>\n\t\t\t\t\t\t\t<\/div>\n\t\t<\/section>\n\t\t\t\t<section class=\"elementor-section elementor-inner-section elementor-element elementor-element-5f9046a elementor-section-boxed elementor-section-height-default elementor-section-height-default\" data-id=\"5f9046a\" data-element_type=\"section\">\n\t\t\t\t\t\t<div class=\"elementor-container elementor-column-gap-default\">\n\t\t\t\t\t<div class=\"elementor-column elementor-col-50 elementor-inner-column elementor-element elementor-element-881baf8\" data-id=\"881baf8\" data-element_type=\"column\">\n\t\t\t<div class=\"elementor-widget-wrap elementor-element-populated\">\n\t\t\t\t\t\t\t\t<div class=\"elementor-element elementor-element-5149950 elementor-widget elementor-widget-bdt-member\" data-id=\"5149950\" data-element_type=\"widget\" data-widget_type=\"bdt-member.default\">\n\t\t\t\t<div class=\"elementor-widget-container\">\n\t\t\t\r\n        <div class=\"bdt-member skin-default bdt-transition-toggle\">\r\n            \r\n                <div class=\"bdt-member-photo-wrapper\">\r\n\r\n                    \r\n                        <div class=\"bdt-member-photo\">\r\n                            <div class=\" bdt-transition-scale-up\">\r\n\r\n                                <img decoding=\"async\" src=\"https:\/\/clinicordisbrasilia.com.br\n\/wp-content\/plugins\/bdthemes-element-pack-lite\/assets\/images\/member.svg\" alt=\"Dra.   \">                                \r\n                            <\/div>\r\n                        <\/div>\r\n\r\n                        \r\n                <\/div>\r\n            \r\n            <div class=\"bdt-member-content\">\r\n                                    <span class=\"bdt-member-name\">Dra.   <\/span>\r\n                                                    <span class=\"bdt-member-role\">Nutri\u00e7\u00e3o<\/span>\r\n                                            <\/div>\r\n\r\n            \r\n        <\/div>\r\n        \t\t<\/div>\n\t\t\t\t<\/div>\n\t\t\t\t\t<\/div>\n\t\t<\/div>\n\t\t\t\t<div class=\"elementor-column elementor-col-50 elementor-inner-column elementor-element elementor-element-a76e9af\" data-id=\"a76e9af\" data-element_type=\"column\">\n\t\t\t<div class=\"elementor-widget-wrap elementor-element-populated\">\n\t\t\t\t\t\t\t\t<div class=\"elementor-element elementor-element-cb6fce7 elementor-widget elementor-widget-bdt-member\" data-id=\"cb6fce7\" data-element_type=\"widget\" data-widget_type=\"bdt-member.default\">\n\t\t\t\t<div class=\"elementor-widget-container\">\n\t\t\t\r\n        <div class=\"bdt-member skin-default bdt-transition-toggle\">\r\n            \r\n                <div class=\"bdt-member-photo-wrapper\">\r\n\r\n                    \r\n                        <div class=\"bdt-member-photo\">\r\n                            <div class=\" bdt-transition-scale-up\">\r\n\r\n                                <img decoding=\"async\" src=\"https:\/\/clinicordisbrasilia.com.br\n\/wp-content\/plugins\/bdthemes-element-pack-lite\/assets\/images\/member.svg\" alt=\"Dr.   \">                                \r\n                            <\/div>\r\n                        <\/div>\r\n\r\n                        \r\n                <\/div>\r\n            \r\n            <div class=\"bdt-member-content\">\r\n                                    <span class=\"bdt-member-name\">Dr.   <\/span>\r\n                                                    <span class=\"bdt-member-role\">Cardiologia \/ Teste Ergom\u00e9trico<\/span>\r\n                                            <\/div>\r\n\r\n            \r\n        <\/div>\r\n        \t\t<\/div>\n\t\t\t\t<\/div>\n\t\t\t\t\t<\/div>\n\t\t<\/div>\n\t\t\t\t\t\t\t<\/div>\n\t\t<\/section>\n\t\t\t\t\t<\/div>\n\t\t<\/div>\n\t\t\t\t\t\t\t<\/div>\n\t\t<\/section>\n\t\t\t\t<section class=\"elementor-section elementor-top-section elementor-element elementor-element-91abf6e elementor-section-boxed elementor-section-height-default elementor-section-height-default\" data-id=\"91abf6e\" data-element_type=\"section\">\n\t\t\t\t\t\t<div class=\"elementor-container elementor-column-gap-default\">\n\t\t\t\t\t<div class=\"elementor-column elementor-col-50 elementor-top-column elementor-element elementor-element-4191893\" data-id=\"4191893\" data-element_type=\"column\">\n\t\t\t<div class=\"elementor-widget-wrap elementor-element-populated\">\n\t\t\t\t\t\t\t\t<div class=\"elementor-element elementor-element-4e5c523 elementor-widget elementor-widget-heading\" data-id=\"4e5c523\" data-element_type=\"widget\" data-widget_type=\"heading.default\">\n\t\t\t\t<div class=\"elementor-widget-container\">\n\t\t\t<h6 class=\"elementor-heading-title elementor-size-default\">Tabalhe conosco<\/h6>\t\t<\/div>\n\t\t\t\t<\/div>\n\t\t\t\t<div class=\"elementor-element elementor-element-c636474 elementor-widget elementor-widget-heading\" data-id=\"c636474\" data-element_type=\"widget\" data-widget_type=\"heading.default\">\n\t\t\t\t<div class=\"elementor-widget-container\">\n\t\t\t<h2 class=\"elementor-heading-title elementor-size-default\">Quer fazer parte da nossa equipe?<\/h2>\t\t<\/div>\n\t\t\t\t<\/div>\n\t\t\t\t<div class=\"elementor-element elementor-element-706d691 elementor-widget elementor-widget-heading\" data-id=\"706d691\" data-element_type=\"widget\" data-widget_type=\"heading.default\">\n\t\t\t\t<div class=\"elementor-widget-container\">\n\t\t\t<h2 class=\"elementor-heading-title elementor-size-default\">Nesse momento n\u00e3o temos vagas dispon\u00edveis para \u00e1rea administrativa, mas estamos aceitando candidaturas espont\u00e2neas.\n<br><br>\nO recrutamento cl\u00ednico \u00e9 feito diretamente com o Respons\u00e1vel Cl\u00ednico.<\/h2>\t\t<\/div>\n\t\t\t\t<\/div>\n\t\t\t\t\t<\/div>\n\t\t<\/div>\n\t\t\t\t<div class=\"elementor-column elementor-col-50 elementor-top-column elementor-element elementor-element-3a18796\" data-id=\"3a18796\" data-element_type=\"column\" data-settings=\"{&quot;background_background&quot;:&quot;classic&quot;}\">\n\t\t\t<div class=\"elementor-widget-wrap elementor-element-populated\">\n\t\t\t\t\t\t\t\t<div class=\"elementor-element elementor-element-6f55ea2 elementor-button-align-stretch elementor-widget elementor-widget-form\" data-id=\"6f55ea2\" data-element_type=\"widget\" data-settings=\"{&quot;step_next_label&quot;:&quot;Next&quot;,&quot;step_previous_label&quot;:&quot;Previous&quot;,&quot;button_width&quot;:&quot;100&quot;,&quot;step_type&quot;:&quot;number_text&quot;,&quot;step_icon_shape&quot;:&quot;circle&quot;}\" data-widget_type=\"form.default\">\n\t\t\t\t<div class=\"elementor-widget-container\">\n\t\t\t\t\t<form class=\"elementor-form\" method=\"post\" name=\"New Form\">\n\t\t\t<input type=\"hidden\" name=\"post_id\" value=\"171\"\/>\n\t\t\t<input type=\"hidden\" name=\"form_id\" value=\"6f55ea2\"\/>\n\t\t\t<input type=\"hidden\" name=\"referer_title\" value=\"\" \/>\n\n\t\t\t\n\t\t\t<div class=\"elementor-form-fields-wrapper elementor-labels-above\">\n\t\t\t\t\t\t\t\t<div class=\"elementor-field-type-text elementor-field-group elementor-column elementor-field-group-name elementor-col-50\">\n\t\t\t\t\t\t\t\t\t\t\t\t<label for=\"form-field-name\" class=\"elementor-field-label\">\n\t\t\t\t\t\t\t\tNome\t\t\t\t\t\t\t<\/label>\n\t\t\t\t\t\t\t\t\t\t\t\t\t\t<input size=\"1\" type=\"text\" name=\"form_fields[name]\" id=\"form-field-name\" class=\"elementor-field elementor-size-lg  elementor-field-textual\" placeholder=\"Nome\">\n\t\t\t\t\t\t\t\t\t\t\t<\/div>\n\t\t\t\t\t\t\t\t<div class=\"elementor-field-type-tel elementor-field-group elementor-column elementor-field-group-field_b04c970 elementor-col-50 elementor-field-required\">\n\t\t\t\t\t\t\t\t\t\t\t\t<label for=\"form-field-field_b04c970\" class=\"elementor-field-label\">\n\t\t\t\t\t\t\t\tTelefone\t\t\t\t\t\t\t<\/label>\n\t\t\t\t\t\t\t\t<input size=\"1\" type=\"tel\" name=\"form_fields[field_b04c970]\" id=\"form-field-field_b04c970\" class=\"elementor-field elementor-size-lg  elementor-field-textual\" placeholder=\"Telefone\" required=\"required\" aria-required=\"true\" pattern=\"[0-9()#&amp;+*-=.]+\" title=\"Only numbers and phone characters (#, -, *, etc) are accepted.\">\n\n\t\t\t\t\t\t<\/div>\n\t\t\t\t\t\t\t\t<div class=\"elementor-field-type-email elementor-field-group elementor-column elementor-field-group-email elementor-col-100 elementor-field-required\">\n\t\t\t\t\t\t\t\t\t\t\t\t<label for=\"form-field-email\" class=\"elementor-field-label\">\n\t\t\t\t\t\t\t\tE-mail\t\t\t\t\t\t\t<\/label>\n\t\t\t\t\t\t\t\t\t\t\t\t\t\t<input size=\"1\" type=\"email\" name=\"form_fields[email]\" id=\"form-field-email\" class=\"elementor-field elementor-size-lg  elementor-field-textual\" placeholder=\"E-mail\" required=\"required\" aria-required=\"true\">\n\t\t\t\t\t\t\t\t\t\t\t<\/div>\n\t\t\t\t\t\t\t\t<div class=\"elementor-field-type-upload elementor-field-group elementor-column elementor-field-group-field_f3a0e08 elementor-col-100\">\n\t\t\t\t\t\t\t\t\t\t\t\t<label for=\"form-field-field_f3a0e08\" class=\"elementor-field-label\">\n\t\t\t\t\t\t\t\tAnexe seu curr\u00edculo \t\t\t\t\t\t\t<\/label>\n\t\t\t\t\t\t\t\t<input type=\"file\" name=\"form_fields[field_f3a0e08]\" id=\"form-field-field_f3a0e08\" class=\"elementor-field elementor-size-lg  elementor-upload-field\">\n\n\t\t\t\t\t\t<\/div>\n\t\t\t\t\t\t\t\t<div class=\"elementor-field-group elementor-column elementor-field-type-submit elementor-col-100 e-form__buttons\">\n\t\t\t\t\t<button type=\"submit\" class=\"elementor-button elementor-size-lg elementor-animation-wobble-horizontal\">\n\t\t\t\t\t\t<span >\n\t\t\t\t\t\t\t\t\t\t\t\t\t\t\t<span class=\" elementor-button-icon\">\n\t\t\t\t\t\t\t\t\t\t\t\t\t\t\t\t\t\t\t\t\t\t\t\t\t\t<\/span>\n\t\t\t\t\t\t\t\t\t\t\t\t\t\t\t\t\t\t\t\t\t\t<span class=\"elementor-button-text\">Enviar<\/span>\n\t\t\t\t\t\t\t\t\t\t\t\t\t<\/span>\n\t\t\t\t\t<\/button>\n\t\t\t\t<\/div>\n\t\t\t<\/div>\n\t\t<\/form>\n\t\t\t\t<\/div>\n\t\t\t\t<\/div>\n\t\t\t\t\t<\/div>\n\t\t<\/div>\n\t\t\t\t\t\t\t<\/div>\n\t\t<\/section>\n\t\t\t\t\t\t\t<\/div>\n\t\t","protected":false},"excerpt":{"rendered":"<p>Home Corpo Cl\u00ednico Conhe\u00e7a nossa equipe Dra. MARGARITA CORONEL BAZZANO Cardiologia \/ Ecocardiografia CRM 12513 DF Dra. Cardiopedriatria CRM Dra. Nutri\u00e7\u00e3o Dr. Cardiologia \/ Teste Ergom\u00e9trico Tabalhe conosco Quer fazer parte da nossa equipe? Nesse momento n\u00e3o temos vagas dispon\u00edveis para \u00e1rea administrativa, mas estamos aceitando candidaturas espont\u00e2neas. O recrutamento cl\u00ednico \u00e9 feito diretamente com [&hellip;]<\/p>\n","protected":false},"author":1,"featured_media":0,"parent":0,"menu_order":0,"comment_status":"closed","ping_status":"closed","template":"elementor_header_footer","meta":{"_joinchat":[]},"_links":{"self":[{"href":"https:\/\/clinicordisbrasilia.com.br\/index.php?rest_route=\/wp\/v2\/pages\/171"}],"collection":[{"href":"https:\/\/clinicordisbrasilia.com.br\/index.php?rest_route=\/wp\/v2\/pages"}],"about":[{"href":"https:\/\/clinicordisbrasilia.com.br\/index.php?rest_route=\/wp\/v2\/types\/page"}],"author":[{"embeddable":true,"href":"https:\/\/clinicordisbrasilia.com.br\/index.php?rest_route=\/wp\/v2\/users\/1"}],"replies":[{"embeddable":true,"href":"https:\/\/clinicordisbrasilia.com.br\/index.php?rest_route=%2Fwp%2Fv2%2Fcomments&post=171"}],"version-history":[{"count":28,"href":"https:\/\/clinicordisbrasilia.com.br\/index.php?rest_route=\/wp\/v2\/pages\/171\/revisions"}],"predecessor-version":[{"id":575,"href":"https:\/\/clinicordisbrasilia.com.br\/index.php?rest_route=\/wp\/v2\/pages\/171\/revisions\/575"}],"wp:attachment":[{"href":"https:\/\/clinicordisbrasilia.com.br\/index.php?rest_route=%2Fwp%2Fv2%2Fmedia&parent=171"}],"curies":[{"name":"wp","href":"https:\/\/api.w.org\/{rel}","templated":true}]}}